thousands digit of 346033?
3
What is the hundreds digit of 5236259?
2
What is the units digit of 256597?
7
What is the thousands digit of 31868231?
8
What is the hundreds digit of 5497830?
8
What is the thousands digit of 439410?
9
What is the hundreds digit of 63938?
9
What is the millions digit of 4339645?
4
What is the hundreds digit of 2007855?
8
What is the thousands digit of 476065?
6
What is the thousands digit of 882400?
2
What is the hundreds digit of 2357846?
8
What is the thousands digit of 996510?
6
What is the ten thousands digit of 4195830?
9
What is the tens digit of 909591?
9
What is the thousands digit of 511315?
1
What is the ten thousands digit of 5867098?
6
What is the thousands digit of 112771?
2
What is the tens digit of 6310255?
5
What is the millions digit of 2936084?
2
What is the hundreds digit of 396624?
6
What is the hundreds digit of 175474?
4
What is the hundred thousands digit of 3124036?
1
What is the units digit of 14028977?
7
What is the thousands digit of 2303480?
3
What is the hundreds digit of 3450229?
2
What is the hundred thousands digit of 1773490?
7
What is the hundreds digit of 1998702?
7
What is the tens digit of 447095?
9
What is the ten thousands digit of 37480?
3
What is the hundreds digit of 482344?
3
What is the hundreds digit of 3489546?
5
What is the units digit of 576095?
5
What is the hundred thousands digit of 228768?
2
What is the thousands digit of 5014681?
4
What is the units digit of 11634295?
5
What is the hundreds digit of 1863453?
4
What is the hundred thousands digit of 3614925?
6
What is the millions digit of 1265961?
1
What is the thousands digit of 195301?
5
What is the hundred thousands digit of 4144511?
1
What is the ten thousands digit of 165192?
6
What is the ten thousands digit of 5566886?
6
What is the thousands digit of 584926?
4
What is the hundreds digit of 2478117?
1
What is the hundred thousands digit of 31793949?
7
What is the millions digit of 5172733?
5
What is the hundreds digit of 59866?
8
What is the thousands digit of 15603715?
3
What is the millions digit of 11539616?
1
What is the millions digit of 3223450?
3
What is the millions digit of 7970448?
7
What is the hundreds digit of 452219?
2
What is the hundreds digit of 558941?
9
What is the ten thousands digit of 1882302?
8
What is the ten thousands digit of 2365920?
6
What is the millions digit of 16328191?
6
What is the millions digit of 2809575?
2
What is the ten millions digit of 11312511?
1
What is the hundred thousands digit of 118355?
1
What is the millions digit of 1333781?
1
What is the units digit of 9185?
5
What is the ten thousands digit of 66390?
6
What is the hundreds digit of 7953071?
0
What is the ten thousands digit of 2804103?
0
What is the ten thousands digit of 2091508?
9
What is the tens digit of 845274?
7
What is the hundreds digit of 416449?
4
What is the hundreds digit of 1348066?
0
What is the ten thousands digit of 463661?
6
What is the hundreds digit of 2826645?
6
What is the units digit of 6023061?
1
What is the hundreds digit of 15901367?
3
What is the hundred thousands digit of 220645?
2
What is the ten thousands digit of 19051936?
5
What is the tens digit of 514655?
5
What is the hundred thousands digit of 538866?
5
What is the ten thousands digit of 2982733?
8
What is the hundreds digit of 4252597?
5
What is the tens digit of 5314030?
3
What is the units digit of 7974524?
4
What is the thousands digit of 3220766?
0
What is the units digit of 1313207?
7
What is the tens digit of 536625?
2
What is the thousands digit of 12936646?
6
What is the hundred thousands digit of 685524?
6
What is the thousands digit of 1873392?
3
What is the hundred thousands digit of 110721?
1
What is the hundred thousands digit of 1732777?
7
What is the units digit of 12826718?
8
What is the tens digit of 593322?
2
What is the units digit of 6414812?
2
What is the hundred thousands digit of 5957381?
9
What is the tens digit of 3169?
6
What is the hundreds digit of 602746?
7
What is the hundred thousands digit of 29690229?
6
What is the ten thousands digit of 16916873?
1
What is the ten millions digit of 19664260?
1
What is the thousands digit of 1814149?
4
What is the hundreds digit of 2439147?
1
What is the thousands digit of 120573?
0
What is the tens digit of 870926?
2
What is the hundreds digit of 188466?
4
What is the thousands digit of 11102623?
2
What is the ten thousands digit of 7727647?
2
What is the hundreds digit of 1197371?
3
What is the hundred thousands digit of 7061602?
0
What is the millions digit of 11094922?
1
What is the ten thousands digit of 479310?
7
What is the ten thousands digit of 92810?
9
What is the thousands digit of 3974390?
4
What is the tens digit of 6130908?
0
What is the units digit of 241745?
5
What is the ten thousands digit of 405208?
0
What is the thousands digit of 378265?
8
What is the tens digit of 4227234?
3
What is the tens digit of 4341710?
1
What is the ten thousands digit of 42430?
4
What is the units digit of 33224?
4
What is the hundreds digit of 367662?
6
What is the hundred thousands digit of 119656?
1
What is the millions digit of 4698858?
4
What is the hundreds digit of 2051772?
7
What is the units digit of 815037?
7
What is the millions digit of 4916852?
4
What is the hundred thousands digit of 436020?
4
What is the millions digit of 2922762?
2
What is the hundreds digit of 734565?
5
What is the ten thousands digit of 242017?
4
What is the hundred thousands digit of 1456276?
4
What is the millions digit of 18201370?
8
What is the thousands digit of 18379429?
9
What is the hundred thousands digit of 18619419?
6
What is the units digit of 359427?
7
What is the ten thousands digit of 26976605?
7
What is the hundreds digit of 220309?
3
What is the ten thousands digit of 3558889?
5
What is the thousands digit of 1094224?
4
What is the thousands digit of 24576486?
6
What is the millions digit of 3555787?
3
What is the millions digit of 9802455?
9
What is the units digit of 3411962?
2
What is the hundred thousands digit of 6252067?
2
What is the units digit of 342611?
1
What is the hundred thousands digit of 5706973?
7
What is the hundreds digit of 309376?
3
What is the hundred thousands digit of 261955?
2
What is the hundreds digit of 450043?
0
What is the hundreds digit of 3304634?
6
What is the tens digit of 30386?
8
What is the hundreds digit of 2151448?
4
What is the units digit of 604784?
4
What is the hundreds digit of 852634?
6
What is the thousands digit of 3945683?
5
What is the hundreds digit of 149996?
9
What is the hundred thousands digit of 368568?
3
What is the thousands digit of 5266731?
6
What is the tens digit of 7980224?
2
What is the hundreds digit of 3177168?
1
What is the hundreds digit of 4394240?
2
What is the units digit of 208423?
3
What is the hundreds digit of 445653?
6
What is the thousands digit of 9466127?
6
What is the units digit of 15948?
8
What is the thousands digit of 1003016?
3
What is the ten thousands digit of 6775172?
7
What is the ten thousands digit of 83407?
8
What is the thousands digit of 7584616?
4
What is the ten millions digit of 19350336?
1
What is the thousands digit of 4041492?
1
What is the thousands digit of 103016?
3
What is the tens digit of 262863?
6
What is the thousands digit of 2140762?
0
What is the hundreds digit of 18001?
0
What is the millions digit of 3834394?
3
What is the millions digit of 1548323?
1
What is the hundred thousands digit of 359904?
3
What is the hundreds digit of 2286222?
2
What is the units digit of 43774?
4
What is the units digit of 3652980?
0
What is the ten thousands digit of 15952099?
5
What is the units digit of 6493026?
6
What is the ten thousands digit of 187305?
8
What is the tens digit of 449019?
1
What is the tens digit of 30765?
6
What is the tens digit of 822875?
7
What is the tens digit of 1155916?
1
What is the units digit of 1465092?
2
What is the thousands digit of 606046?
6
What is the units digit of 4355663?
3
What is the hundreds digit of 744486?
4
What is the ten thousands digit of 74706?
7
What is the millions digit of 1239119?
1
What is the ten thousands digit of 243712?
4
What is the ten thousands digit of 255985?
5
What is the ten thousands digit of